divided by 193?
5
Let f(t) = 10*t + 38. Let p be f(-3). What is the remainder when (-5 - -6)*5 + p is divided by 3?
1
Let k be (2 - -3 - 6)*-64. Suppose -10*v - k = -14*v. Calculate the remainder when 60 is divided by v.
12
Suppose 0 = -38*q + 42*q - 140. Suppose -4*z - 79 = -3*u, -5*z - q - 70 = -4*u. Calculate the remainder when 162 is divided by u.
12
Let l = -64008 - -64060. What is the remainder when l is divided by 0 + (-1 - (-30 + 2))?
25
Let s = 7756 + -5261. Calculate the remainder when s is divided by 50.
45
Suppose 5*x = -2*o - 508, 4*o = -2*x + 9*o - 180. Let i = 149 + x. Calculate the remainder when i is divided by 11.
5
Suppose -4*g = 8, 0 = -3*l - l + 4*g + 8. Suppose 4*c + l*d + 4*d - 168 = 0, -161 = -3*c + 4*d. What is the remainder when c is divided by 205/8 + (-3)/(-8)?
21
Suppose 14*p + 1808 - 6674 = 5830. Calculate the remainder when p is divided by 161.
120
Let o(v) = 4*v**2 + 4191*v - 16775. Let a(g) = g**3 + 5*g**2 + 2*g. Calculate the remainder when o(4) is divided by a(-4).
5
Let j(b) be the second derivative of -23*b**3/3 - 96*b**2 - 76*b. Calculate the remainder when j(-21) is divided by 25.
24
Suppose 11*b + 1262 + 2489 = 0. Let w = b + 374. Suppose 0*s + 254 = 2*s. Calculate the remainder when s is divided by w.
28
Let k(x) = 2*x**2 - 18*x - 95. What is the remainder when 224 is divided by k(14)?
44
Let u = 11022 - 10091. What is the remainder when u is divided by 157?
146
Let r(y) = -y**3 + 35*y**2 + 128*y - 6. Calculate the remainder when 537 is divided by r(38).
11
Suppose 175366*h - 175342*h - 1584 = 0. What is the remainder when 108 is divided by h?
42
Let v(y) = 75*y**2 + 134*y + 995. Calculate the remainder when v(-8) is divided by 189.
187
What is the remainder when (-200)/(480/24) + -1 + 548 is divided by 263?
11
Suppose -5*b + 1508 = -5*p + 13738, 5*p - b = 12206. What is the remainder when p is divided by 47?
43
Suppose 118*b - 50789 - 550421 = 0. Calculate the remainder when b is divided by 301.
279
Let n = -124 - -157. Calculate the remainder when (-1)/2 + (-721)/(-2) is divided by n.
30
Let b(p) = p**2 - 21*p - 48. Suppose -95 = -4*n - n - 5*m, 0 = 2*n + 4*m - 42. Calculate the remainder when b(24) is divided by n.
7
Suppose 4*i + w - 64 = 123, 5*i - 245 = w. What is the remainder when 4413 is divided by i?
45
Suppose -22*j - 2401 = -29*j. Let r = j + -300. Calculate the remainder when 299 is divided by r.
41
Let x = 61 - 39. Let i = x - -82. Calculate the remainder when 54 is divided by i/(-65)*-1*5.
6
Let b = 183 - 119. Suppose -5*h + 1401 = -3*v, 0 = -5*h + 3*v - 7*v + 1387. Let u = h + -268. Calculate the remainder when b is divided by u.
9
Suppose -6 = -3*z, 0*f + 2*z + 4 = 4*f. Suppose 0 = -2*b + 8, 4*m - 3*b - 90 = f. Let d = -3120 - -3249. Calculate the remainder when d is divided by m.
25
Suppose 0 = 3*w + 18, -15364 = -2*u + 5*w + 2238. Calculate the remainder when u is divided by 52.
50
What is the remainder when 1461 is divided by (-10 - -8) + 13/(390/36)*30?
33
Suppose -13 - 15 = -4*u - 4*g, 2*g - 4 = 0. Suppose -r = -u*s + 214, r = -4*s + 2*r + 171. Calculate the remainder when s is divided by 7.
1
Let m = -7765 + 8101. What is the remainder when m is divided by 86?
78
Suppose -70 = -4*a - a. Suppose 4*k + n = -12 + 17, -5*n = -25. Calculate the remainder when 61 is divided by a - (1 - (3 - k)).
13
Suppose -110*c + 801 = 4*g - 113*c, 4 = 4*c. Calculate the remainder when g is divided by 63.
12
Let l(g) = 2*g - 18. Let b be l(9). Suppose -2 = -2*r - b*r. What is the remainder when 121 is divided by 155/(-20)*(-4)/(0 + r)?
28
Suppose 4*p = -5*j + 15402, -5*p - 76*j = -71*j - 19250. Suppose p = 17*n + 9*n. What is the remainder when n is divided by 36?
4
Let m be 2/(-3)*(72 - 9). What is the remainder when (m/(-24))/((-3)/(-72)) is divided by (8/24)/((-2)/(-72))?
6
Let i = 111 + -107. Let t be 5*4*i/(-40). What is the remainder when (7/t - -2)/(21/(-1498)) is divided by 27?
26
Suppose -48*n = -52*n - 5*r + 95, -12 = -4*r. Calculate the remainder when 69 is divided by n.
9
Let k = -5681 + 10160. Calculate the remainder when k is divided by 140.
139
Suppose -3*i + 5*w + 306 = 0, -4*i - 7*w + 5*w = -382. Suppose -15*t + 38 = -i. Calculate the remainder when t is divided by 1.
0
Calculate the remainder when 200 is divided by 91 + ((-18)/(-8) - 3)/((-2)/8).
12
Suppose -3*c = s + 2*s - 141, -3 = c. Suppose 3*j = -32 + s. Let w = 88 + -66. What is the remainder when w is divided by j?
4
Let z(y) = y**3 - 12*y**2 + 6*y - 31. Let r be z(14). Suppose 446*f - 3 = r*f. What is the remainder when 43 is divided by f?
1
Suppose 38*s + 14372 + 21468 = 166*s. What is the remainder when s is divided by 26?
20
Let r = 8197 - 8125. What is the remainder when 1938 is divided by r?
66
Suppose 21 = 5*h - 8*h. Calculate the remainder when 1/h*0 - -44*5 is divided by 32.
28
Let u = 3067 - 2305. Calculate the remainder when u is divided by 192.
186
Let f(a) = 38*a - 23. Let o = -365 - -367. What is the remainder when 206 is divided by f(o)?
47
Let s = -34465 + 34482. What is the remainder when 17101 is divided by s?
16
Let q = -2310 - -2442. What is the remainder when q is divided by 45?
42
Let c = 297 + -201. Suppose 0 = 26*m - 32*m + c. Calculate the remainder when m is divided by 2.
0
Let y(v) = -v**3 - 12*v**2 + 6*v + 2. Let t be y(-13). Let w = t - 4. Let a = -3273 - -3283. Calculate the remainder when w is divided by a.
9
Let b = 165 - 156. Suppose 6*r - r - 35 = 0. What is the remainder when 4*(b/4 + -2)*19 is divided by r?
5
Let t(i) = -i**2 + 15*i + 2. Suppose 0 + 8 = 2*g. Let b be t(g). Let c = b - 2. Calculate the remainder when 87 is divided by c.
43
Let b = 103 - 68. Let a be (-2 - 45/(-18))*-4. What is the remainder when b is divided by (3 + 1 + -7)*a?
5
Suppose -o + 3*k + 78 = 0, -o = 4*o + k - 310. Let g = -40 + o. Calculate the remainder when 67 is divided by g.
21
Let w(b) = 3*b**2 + 24*b - 1180. What is the remainder when w(18) is divided by 143?
81
Suppose 0 = -10*h - 2265 + 2925. What is the remainder when 947 is divided by h?
23
Let q = -10301 + 10446. What is the remainder when q is divided by 113?
32
Let k = -81 - -82. Let g be 2 + 190 + -5 + (2 - k). Let m = g + -62. What is the remainder when m is divided by 26?
22
Let q be (-435)/75 - (-4)/5 - -8429. Calculate the remainder when (-8)/22 + q/297 is divided by 4.
0
Let a = -6998 + 7092. What is the remainder when 181 is divided by a?
87
Suppose 12*y - 376 = -148. What is the remainder when 129 is divided by y?
15
Suppose 152 = 5*p - 5*l - 1113, l = 3*p - 765. Suppose -12*w + p = 4*w. What is the remainder when 100 is divided by w?
4
Let u be ((1*-2)/(-6))/(6/144). Suppose u = -f + 8. Suppose 0 = -m + 2, 0 = -4*i - f*i + 5*m + 194. What is the remainder when i is divided by 6?
3
Let p(j) = -j**3 + 7*j**2 - 13*j + 6. Let b be p(6). Let w be (-9)/(b/8) - -157. Let z = -77 + w. Calculate the remainder when z is divided by 21.
19
Let c(h) = 0*h - 36*h - 8*h - 179 - 119. What is the remainder when 96 is divided by c(-8)?
42
Let f(o) be the first derivative of o**3/3 - 19*o**2/2 + 21*o - 160. What is the remainder when 125 is divided by f(19)?
20
Let s be 4/8*-26 - 0/4. Calculate the remainder when 35 is divided by (-2)/4*(3 + s).
0
Suppose 74*w = 6*w + 4478 + 3070. What is the remainder when 664 is divided by w?
109
Let b(r) = -76 + 24*r + 2 - 27. Calculate the remainder when b(6) is divided by 31.
12
Suppose -3*i + 117 = -2*i. Suppose 4*z - 84 = -2*k, 74 - 224 = -4*k - 5*z. Calculate the remainder when i is divided by k.
27
Let c(z) = z**2 + 3*z - 41. Let x(b) = b**3 - 6*b**2 - 4*b + 20. Let a be x(6). What is the remainder when (-2)/(-8) + (-363)/a is divided by c(8)?
44
Let u(o) = 17*o**2 + 11*o + 10. Let m be u(-1). Suppose -62 = -m*r + 14*r. What is the remainder when 108 is divided by r?
15
Let k(u) = 3*u**3 - 349*u**2 - 187*u + 282. What is the remainder when k(117) is divided by 118?
117
Calculate the remainder when ((-130)/(-4))/((-19)/(-38)) is divided by (6/24*17)/((-8)/(-32)).
14
Let k = -17865 + 17881. Calculate the remainder when 994 is divided by k.
2
Let n = 23486 + -23235. Calculate the remainder when n is divided by 235.
16
Suppose l + 4*g = 9, -g + 19 = 3*l + 3*g. Suppose i - 3*s = 117, l*i = 4*s + 293 + 325. What is the r